 3*(-171)/27. Let k(g) = g**3 + g**2 + g - 2. Calculate k(v).
12
Let f(z) = -z**2 + 9*z + 6. Let l = -372 + 375. Suppose 3*n - 2*t = 14, -4*t + 34 + 10 = l*n. Calculate f(n).
14
Let u(n) = -2*n + 10. Let k(z) = 10*z - 50. Let y(f) = -3*k(f) - 16*u(f). Let o be ((-15)/(-6))/((-3)/(30/(-5))). Determine y(o).
0
Let j(i) = -33*i + 27. Let h(z) = 18*z. Let c(l) = -2*h(l) - j(l). Give c(-10).
3
Let i(d) = -15*d + 89 + 57 - 241 + 56. What is i(-3)?
6
Let c(v) = 3*v**2 - 18 + 17 - v + 0*v. Let p(z) = -z**2 - z - 49. Let b be p(0). Let r be (-4)/18 + b/63. What is c(r)?
3
Suppose -5*p - 164 = -42*p - 201. Let u(n) = 5*n**3 + 0*n + n + 0*n**3. Calculate u(p).
-6
Let x(t) be the first derivative of -t**4/12 + t**3/2 + 9*t**2/2 - 5. Let n(c) be the second derivative of x(c). Suppose -123*d + 42 = -117*d. Give n(d).
-11
Suppose -14 = 60*k - 67*k. Let q(p) = 227*p**2 - 223*p**k + 2*p**3 - p - 3*p**3 - 2. What is q(2)?
4
Suppose -5*j = u + 66, 5*u = 3*j + 2*j + 90. Let g(k) = -k**3 - 15*k**2 - 14*k + 5. Let d be g(j). Let l(z) = -10*z - 10*z + 19*z + d + 9. Calculate l(0).
14
Let j(z) = -3*z**2 + 6*z + 3. Let w(f) = -2*f + 13 + f - 4*f + f**2 - 11 - 4. Let g(c) = 2*j(c) + 3*w(c). Calculate g(-2).
-6
Let c(z) = z**2 - 9*z - 1. Let g(t) = 4*t**2 - 10*t - 8. Let p be g(6). Let m = p - 34. Suppose 0 = -4*h + 10*h - m. Determine c(h).
-15
Suppose 5*h = 11*h - 72. Suppose p + h = 4*p, n = -p - 8. Let t be (8*(-2)/(-14))/(n/(-42)). Let k(u) = 4*u + 1. What is k(t)?
17
Let i be ((-13 + 25 + 0)/(-4))/1. Let l be -3*1*(-2 + -1). Let y(z) = -7*z**2 + 3*z + 13. Let x(v) = 3*v**2 - 2*v - 6. Let u(j) = l*x(j) + 4*y(j). Give u(i).
7
Let y be (11 + -1 + -1)*(-2156)/(-66). Suppose -y - 14 = -4*w. Let s = -77 + w. Let x(q) = -q + 9. Give x(s).
9
Let n(i) = -27*i - 111. Let r be n(-4). Let y(a) = 2*a + 8. Let q(g) = 8. Let z(b) = r*y(b) + 2*q(b). Give z(-6).
28
Let g(b) be the first derivative of b**2/2 + 6*b + 796. Suppose -60 - 5 = -5*z. Suppose 2*q - 1 = -z. Calculate g(q).
0
Let i = 4544 + -4548. Let n(r) = -3*r**2 - 14*r - 14. What is n(i)?
-6
Let b(k) = -137363*k**3 + 137362*k**3 + 2 - 5*k + 0. Calculate b(-3).
44
Suppose -2*h + 10 = 5*i, -2*h + 29 - 39 = 0. Let x(z) be the first derivative of -i*z + 0*z**2 - 2*z**3 - 1/4*z**4 - 9. Give x(-6).
-4
Let q(m) = m + 7. Let a = 47 + -44. Let i(u) = 13*u + 3. Let g be i(a). Suppose -7*h + g - 7 = 0. Calculate q(h).
12
Let x(k) = -k**2 + 8*k + 76. Let v = -9900 - -9914. What is x(v)?
-8
Let l(o) be the third derivative of o**6/120 + o**5/6 - o**4/12 - 13*o**3/6 + 1795*o**2. Calculate l(-10).
7
Let w(g) = -2*g**2 + 6*g - 2. Let a be (45/(-20))/(2173/(-544) + 4). Let t = 413 + a. Give w(t).
-22
Let x(j) = -2221*j**3 - 4*j**2 + 2220*j**3 + 5*j + 30 - 29. What is x(-4)?
-19
Let k(v) = v - 10. Let a(z) = -z**3 + 11*z**2 - 4*z - 16. Let i be a(11). Let q = 67 + i. What is k(q)?
-3
Let z(q) = -2*q - 2. Let a(u) = 4 - 1 - 406*u + 403*u. Let h be a(1). Let f be h + -3 + (-3 + 0 - -3). Calculate z(f).
4
Let j(g) be the first derivative of -g**2 + 32*g + 9. Let o be j(15). Let n(i) = -i**3 + 4*i**o + i - 2*i**2 - 42 + 43. Calculate n(2).
3
Let s(u) be the third derivative of -u**8/6720 - u**6/720 + u**5/120 + 95*u**4/24 - 92*u**2. Let d(m) be the second derivative of s(m). Determine d(0).
1
Suppose -19 = -0*a + 3*a - 4*d, 2*a = 4*d - 18. Suppose 8*g - 11*g = -30. Let t be 2 - a - (-1 + 1) - g. Let q(k) = k**3 + 8*k**2 + 8*k + 2. What is q(t)?
-5
Let z(y) be the second derivative of 5/12*y**4 + 1/6*y**3 + 0 - y + 0*y**2. Give z(-1).
4
Suppose 6 = 2*d - g, 2 = 5*d - 5*g - 3. Let j(i) be the third derivative of -i**4/12 + i**3 + 4*i**2 + 3. Determine j(d).
-4
Suppose 4*b - 7 = 13. Suppose -567 = b*f - 0*f + 2*c, -5*f + 4*c = 591. Let y = -113 - f. Let u(l) = 3*l**3 - l**2 - l + 2. What is u(y)?
20
Let f(a) = -5*a - 5. Suppose -2*k = 6 - 6. Suppose 0 = -s - k*s - 3. Let n be ((-2)/s)/(2/(-12)). Determine f(n).
15
Let p(f) = 15*f**2 - 77*f + 18. Let w be p(5). Let z(j) = j**2 - 18*j + 82. What is z(w)?
2
Let l = -2537 - -2536. Let x(j) = -46*j**3 + 2*j + 1. Determine x(l).
45
Let a(v) be the first derivative of -3*v**3 - 21*v**2 + 15*v - 2777. Give a(-5).
0
Let t(g) = g**3 + 7*g**2 + 8*g + 13. Let h = 217 + -210. Suppose h*w + 24 = 3*w. Give t(w).
1
Let q(u) = -u**2 - 16*u - 26. Let l be q(-2). Let k be 2 + ((-16)/12)/l*-3. Let a(m) = m**2 + m + 1. What is a(k)?
21
Let y(r) be the third derivative of r**7/1260 - 7*r**6/720 - r**5/24 - 7*r**4/24 + r**3/3 + 2*r**2 + 7*r. Let h(j) be the second derivative of y(j). Give h(4).
-1
Let x(g) = g + 9. Suppose -6 = -a - 4*w - 5, w = -5. Suppose 0 = 3*f - 6, -2*v - 48 = -f + 6*f. Let j = v + a. Give x(j).
1
Let j be (9 + (-1484)/140)*10/4. Let k(f) = -f**3 + 3*f**2 + 15*f. Determine k(j).
52
Suppose 4*h = -2*o + 30, 26*h + 3*o - 25 = 25*h. Let j(m) = m - 6. Calculate j(h).
-2
Let u(p) = p**2 - 6*p - 5. Let f(y) = y**3 - 21*y**2 + 40*y - 32. Suppose 3*d - 63*t = -61*t + 55, 5*t = -5*d + 100. Let n be f(d). Calculate u(n).
-5
Suppose -176*l + 178*l - 2 = -2*b, -2*l - 4 = 0. Let h(z) be the third derivative of 0*z + 1/24*z**4 - 4/3*z**b + 11*z**2 + 0. Give h(7).
-1
Let h(c) = -3*c**2 - 19*c - 5. Let w(o) = -8*o**2 - 54*o - 15. Let s(z) = -14*h(z) + 5*w(z). Determine s(5).
25
Let g(z) be the first derivative of -14/3*z**3 - 7*z**2 - 56 + 1/4*z**4 - 2*z. Calculate g(15).
13
Let f(z) be the second derivative of -1/24*z**4 - 47*z + 1/30*z**5 + 0 + 11*z**2 - 1/3*z**3. Let r(d) be the first derivative of f(d). Give r(2).
4
Suppose -49*r + 40*r + 180 = 0. Suppose r*n = 24*n. Let l(i) = -2*i + 6. Determine l(n).
6
Let x(p) = -p. Let y be x(-4). Let j be 10/y*6/5. Let u(d) be the first derivative of -3*d**2/2 - d + 5447. Give u(j).
-10
Suppose 20 = 4*d - 4. Suppose -6*x = d*x - 240. Suppose 0 = -8*p + 13*p + x. Let k(v) = v**2 + 5*v + 1. Give k(p).
-3
Suppose 2*c + 2 = -0*c. Let b(j) = 54*j**3 - 11*j**2 + 5*j + 3. Let o(h) = 11*h**3 - 3*h**2 + 2*h + 1. Let x(q) = b(q) - 3*o(q). Give x(c).
-22
Let r(b) be the first derivative of -5*b**2 + 178*b + 7481. Calculate r(19).
-12
Let m be 3*1*(123 - -4). Suppose 10*v + 71 = m. Let f(a) = -5 + v*a - 3 + 3 - 30*a. What is f(8)?
3
Let p(b) be the first derivative of b**4/4 - b**3/3 - b**2/2 - 4. Let w(z) = z**2 - 31*z + 27. Let h be w(37). Let l = -249 + h. Determine p(l).
0
Suppose 5*h = 2*u - 556, -4*h = -u + 6*u + 425. Let l be 11/(h/15)*8/4. Let k(t) = 2 - 5 - t + 2. What is k(l)?
2
Let g be (-1)/(4/(-3))*88. Let z(p) = p**2 + 122*p - 1 - 58*p - g*p. Give z(3).
2
Let t = 10 + 15. Suppose 6*d - t = -1. Let h(q) = 5*q - 5. Determine h(d).
15
Let d(f) = -f**2 + 10*f + 8. Suppose 5*k - 11 = -1. Let c(g) be the first derivative of 3*g**2 - g + 7. Let v be c(k). Determine d(v).
-3
Let q(t) = -19*t + 3. Suppose 2*c - 3*u + 7 = 0, 4*u + 6 = 2. What is q(c)?
98
Let g(w) = -w**2 - 10*w + 99. Let o be ((-210)/20)/(12/(-8)). Determine g(o).
-20
Let z(x) be the second derivative of x**4/4 - 2*x**3/3 + 45*x**2 + x - 29. Let o(r) be the first derivative of z(r). Determine o(4).
20
Suppose -3*q - 6 = d, 3*d + 4*q + 0*q - 7 = 0. Let b(k) = -10*k + 100. Let s be b(9). Let j(n) = -25 + 4*n - n**2 + 5*n + s + 12. Calculate j(d).
-3
Let h(d) = 43*d - 1. Let c be (3 - -9 - 12)/(-4). Determine h(c).
-1
Let f(w) = w**3 + 14*w**2 + 21*w - 26. Let h(j) = 3*j**2 + 192*j + 1032. Let i be h(-6). Calculate f(i).
10
Let d(l) = 21*l**2 + 16*l**2 + 22*l + 3 + 13*l**2 - 46*l**2 - 16*l. Calculate d(-4).
43
Let s(m) = -m**3 - 20*m**2 + 17*m - 94. Let u be -9*(5 + -8 + 2) - (1 - -29). What is s(u)?
-10
Suppose i - 12 = -3*g + 4, -5*g = 5*i - 20. Let x(l) = 5*l - 20. Calculate x(g).
10
Let g(b) = -1. Let q(p) = -p - 10. Let z(i) = -22*g(i) + 2*q(i). Let j(u) = -u - 3. Let c be j(-7). Let n(h) = -2*h**2 + 5*h + 5. Let y be n(c). Calculate z(y).
16
Let u(j) = -j**2 - j - 1. Let a be 81/216 + (-123)/8. Let o = 14 + a. What is u(o)?
-1
Let l(f) be the second derivative of -f**4/12 + f**3/3 - f**2/2 + 2*f. Let o(n) = -n**2 + 10*n - 18. Let y be o(7). Give l(y).
-4
Let m(g) = -g**3 - 9*g**2 + 2*g. Let u(w) = -144*w - 26*w**2 + 77*w - 3*w**3 + 74*w. Let b(l) = -11*m(l) + 4*u(l). Let s = -15 - -9. Give b(s).
0
Suppose -2*a - 7 = -5*k, -k = 3*a - 85 + 121. Let u(n) = n**3 + 11*n**2 - 3*n - 9. Calculate u(a).
24
Let